 the prime factors of j?
2, 7, 19
Suppose -4*s + 1653 - 194 = 3*z, 2*s = 8. Suppose 5*q + 643 = 4*t, q - 6*q = -3*t + z. What are the prime factors of t?
2, 3
Let m(y) = -42*y**3 + 2*y**2 - 12*y - 23. Let z be m(-2). Let u = z + 172. List the prime factors of u.
11, 47
Let n(b) be the second derivative of -61*b**3/6 + 44*b**2 - 4*b + 4. What are the prime factors of n(-7)?
5, 103
Let h = -2966 - 2206. List the prime factors of 12/(-28) + h/(-14).
3, 41
Let n(k) = 5*k**2 - k - 13. Let r = 111 + -50. Let l = r - 65. What are the prime factors of n(l)?
71
Let x = 40430 - 23851. What are the prime factors of x?
59, 281
Let z be (63/6)/((-75)/(-1900)). Suppose 0 = 3*b - m - z, 7*b = 4*b - m + 256. What are the prime factors of b?
3, 29
Suppose -q + 32 = 4*k - 3*q, k + q = 11. Let x = k + 65. Suppose -x = -3*m - 17. What are the prime factors of m?
19
Suppose 2*r - 5*z = 40254, 4*r = -z + 62143 + 18365. List the prime factors of r.
3, 6709
Let s(i) = 4*i**2 - 14*i - 11. Let a be s(5). Suppose 20*n - 5 = a*n. List the prime factors of n.
5
Let k(y) be the second derivative of y**4/3 + y**3/6 - 17*y**2 + y + 19. List the prime factors of k(13).
5, 131
Let s be (2 - 0)/((-5)/(125/(-10))). Suppose -3*y - 5*i = -551, 4*y + s*i - 142 = 596. Suppose -5*r + y = -193. List the prime factors of r.
2, 19
Let f be ((-1338)/15)/(11/(-110)). Suppose -1218 = -10*y + f. List the prime factors of y.
211
Let d be 3/12 - (-20)/32*6. Let v be (6/d - 1)/(3/(-54)). Let f(n) = -7*n - 26. What are the prime factors of f(v)?
37
Let k be ((11 - 8) + -29)/(1/1). List the prime factors of 2 - (-5681)/k*(-3 + 1).
439
Let l = 38 + -38. Suppose l = -6*g + 501 + 441. What are the prime factors of g?
157
Suppose c = -5*h + 267771, -65132 = -2*h + 4*c + 42016. What are the prime factors of h?
2, 3, 4463
Let y(a) = -1832*a**3 - 42*a**2 + 14*a + 20. List the prime factors of y(-2).
2, 5, 181
Let w = 45 - 41. Let t(r) = r**3 - 2*r**2 - 7*r. Let a be t(w). Suppose -3*s - s = -a, -3*s - 83 = -2*z. What are the prime factors of z?
43
Suppose -42*v + 632730 - 122168 = -1420178. What are the prime factors of v?
2, 5, 4597
Suppose -2*m + 6 = -4*x, m - 8*x = -9*x. List the prime factors of (m/(-4))/((-2)/4008).
3, 167
Suppose 3*f + t - 65 = 3*t, -3*f + t + 70 = 0. Suppose -7*j - m = -2*j - f, -2*j - 4*m + 10 = 0. Suppose j*a = 5 + 5. What are the prime factors of a?
2
Suppose 0 = -639*z - 638*z + 1274*z + 105276. List the prime factors of z.
2, 31, 283
Let s = 3119 - -3071. List the prime factors of s.
2, 5, 619
Suppose -10*r = -32*r - 110. List the prime factors of (-1130)/r*1*12/8.
3, 113
Let u(x) = -11*x**3 - 2*x**2 + 4*x + 1. Let a(l) = -22*l**3 - 4*l**2 + 9*l + 1. Let g(c) = -3*a(c) + 5*u(c). What are the prime factors of g(2)?
2, 3, 7
Let x be (-11)/((-330)/1226) - 2/(-15). Suppose -x*m = -14*m - 45225. List the prime factors of m.
5, 67
List the prime factors of ((-2531)/3)/(-47 - 6860/(-147)).
2531
Let i(x) = -3. Let d(w) = w + 1. Let g(l) = -2*d(l) - 2*i(l). Let s be g(0). Let z(t) = 20*t - 12. List the prime factors of z(s).
2, 17
Suppose -29*d + 20 = -183. Let w(p) be the first derivative of p**4/4 - 8*p**3/3 + 4*p**2 + 3*p - 1. What are the prime factors of w(d)?
2, 5
Let j(o) = -o**3 + 8*o**2 - 7*o - 12. Let w be j(6). Let r(v) = 9*v + 49. What are the prime factors of r(w)?
211
Suppose 9*o + 1387 = -1673. Let i = -115 - o. Let k = i - -46. What are the prime factors of k?
271
Let b = -361 - -369. What are the prime factors of 36675/(-90)*b/(-10)?
2, 163
Suppose -3*a + 5*w = -119 - 110, 4*a = 4*w + 308. Let p be 6*(140/6 + -1). Let y = p - a. List the prime factors of y.
2, 7
Let f(h) be the second derivative of 27*h**5/10 - h**4/4 + h**3/3 + 3*h**2/2 - 21*h. Let t be f(-2). List the prime factors of ((-12)/(-20) - 1)*t.
2, 89
Let l = -13179 - -18462. What are the prime factors of l?
3, 587
Let n(h) = 7*h**2 + h - 712. Let s be n(0). Let m = s - -1769. What are the prime factors of m?
7, 151
Let n(c) = -c - 4. Let t be n(-6). Suppose -y + 88 = -t*h, 5*h = -3*y + 2*y + 67. Let q = y - 49. What are the prime factors of q?
3, 11
Let m(f) = f**3 - 5*f**2 + 7*f + 2. Let i be m(3). List the prime factors of i*((-8)/12)/(6/(-1359)).
5, 151
Suppose -81969 = -45*d + 90201. What are the prime factors of d?
2, 1913
Suppose -922*j + 925*j = -b + 11050, 5*j - 11068 = -b. List the prime factors of b.
73, 151
Suppose 31*n = 222365 + 235474. What are the prime factors of n?
3, 547
Suppose 0 = 2*v - 15 - 3. Suppose -4*c + 2*w = -0*w - 26, -c + v = -w. List the prime factors of c - -22*(-12)/(-8).
37
Suppose 208236 = -1086*w + 1234*w. List the prime factors of w.
3, 7, 67
Let t be 2*1*(-1 + 3). Suppose -4*x - 451 = -3*r, 0*x - 740 = -5*r - 5*x. Suppose t*w - r = 99. List the prime factors of w.
2, 31
Let j(n) = -3*n**3 - 3*n**2 + 2. Let q be j(1). Let t be (7 - 641/5)*10/q. Let m = t - 160. What are the prime factors of m?
11, 13
Suppose x - 60 - 24 = -5*z, 2*z = -5*x + 305. Let g = x - 61. What are the prime factors of (g - 28)*(-4)/(-8)*-8?
2, 3, 5
Let w(v) = 10*v - 98. Let t be w(19). Let a = 57 - -17. Let p = t - a. What are the prime factors of p?
2, 3
Let p = 545 + -544. What are the prime factors of p*1333 - (-8 - -11)?
2, 5, 7, 19
Let p = -4191 - -9936. What are the prime factors of p?
3, 5, 383
Let x(v) = 114*v**2. Let j be x(1). Let k = 109 - j. What are the prime factors of 2/k - (-28336)/115?
2, 3, 41
Let t(m) = -m**2 + 8*m**2 - 5 - 4*m**2 + 3*m**3 - 4*m**2 + 4*m. Let i(j) = 2*j**2 - 4*j - 4. Let x be i(-1). List the prime factors of t(x).
23
Let b(s) = -s**3 + 60*s**2 - 593*s + 63. List the prime factors of b(46).
3, 11, 73
Let h = 5 - -9. Suppose h*m - 221 = -25. List the prime factors of 3213/m - (-1)/(-2).
229
Let p(g) = 9*g**2 - 7*g - 9. Let i(z) = 8*z**2 - 6*z - 8. Let j(x) = 6*i(x) - 5*p(x). Let d be j(8). Let h = d - 7. What are the prime factors of h?
2, 3, 29
Let o = -2966 - -7292. List the prime factors of o.
2, 3, 7, 103
Let h = -96 - -104. Suppose 9*f = h*f + 7. Suppose -f*g + 141 = -4*g. List the prime factors of g.
47
Let d = 47831 - 7498. List the prime factors of d.
53, 761
Let h be ((-10)/6 + 2)*0. Suppose v + 2*n - 664 = h, 4*n = -8*v + 13*v - 3390. List the prime factors of v.
2, 337
Suppose -3*z = -2*m - 989 - 1104, -2*z = -4*m - 1390. What are the prime factors of z?
3, 233
Let t(y) = -68*y + 684. What are the prime factors of t(-25)?
2, 149
Let l be 2/3 + 2852/6. Suppose 3*h - 154 = -i + h, 5*i = -3*h + 742. Suppose 6*x + i = l. What are the prime factors of x?
5, 11
Let o = 40 - 34. Let n be (-3)/((-21)/o + 3). Suppose -x + 33 = n. What are the prime factors of x?
3
Let m be 5 + 1 - 20/5. Suppose -139 - 541 = -m*u. List the prime factors of u.
2, 5, 17
Let k(q) = -q - 4. Let h be k(-9). Let r be 0/(-2 + (h - 0)). Suppose 5*l + o - 46 = 0, -5*l + r*l - 3*o = -38. What are the prime factors of l?
2, 5
Let b(h) = h**3 + 2*h**2 + 2*h + 114. List the prime factors of b(34).
2, 20899
Suppose 0 = -2*w + 58 + 10. Suppose 0*c - c - 3*r + 13 = 0, 0 = 3*c + 4*r - w. Suppose 0 = c*p - 15*p + 200. List the prime factors of p.
2, 5
Suppose -j - 50 = 2*k, j + 5*k = -j - 103. Let w be -2 + -2 + j/(-4). Suppose 0*n - 364 = -w*n. What are the prime factors of n?
2, 13
Let d(q) = 7*q + 11. Let l(i) = -1. Let s be 21 + -2 + 2/(-2). Let x(g) = s*l(g) + 2*d(g). List the prime factors of x(2).
2
Suppose 2*k + 404 = -2*x, x - 3*k - 196 = 2*x. Let u = x - -290. List the prime factors of u.
5, 17
Suppose 6*i = 18*i. Suppose v + 4 = i, 4*t - 2*v = 2*t + 896. List the prime factors of t.
2, 3, 37
Let m(q) = 6175*q + 1638. What are the prime factors of m(2)?
2, 13, 269
Suppose 89*p - 85*p - 68 = 0. Let u(w) = 3*w + 132. What are the prime factors of u(p)?
3, 61
Suppose 9*x = 37 + 44. Suppose i = 5*y - 27, y - 3*i = 2*i - x. Suppose y = 3*m, -3*m = -4*a - 0*a + 334. List the prime factors of a.
5, 17
Suppose -10*y + 145 = 5. Suppose 5490 = -5*a + y*a. List the prime factors of a.
2, 5, 61
Let h(n) = -60*n + 129. Let c be 2/6 - (-279)/(-27). What are the prime factors of h(c)?
3
Let q = -302 + 309. Suppose 153 = q*o - 267. What are the prime factors of o?
2, 3, 5
Let t = 199 - 321. Let c = t + 183. What are the prime factors of c?
61
Suppose -2*i = -4*l + 2*l - 50, -2*i - 3*l = -25. Let 